
5, 11, 13, 14879
What are the prime factors of 6740682?
2, 3, 13, 89, 971
List the prime factors of 103542397.
7, 73, 202627
List the prime factors of 127397901.
3, 1097, 38711
What are the prime factors of 2737063175?
5, 7, 11, 941, 1511
List the prime factors of 111890458.
2, 73, 766373
What are the prime factors of 24554442?
2, 3, 11, 372037
What are the prime factors of 283059169?
19, 29, 513719
List the prime factors of 5692739.
13, 17, 25759
List the prime factors of 1278516328.
2, 89, 1795669
What are the prime factors of 121991404?
2, 139, 219409
List the prime factors of 199400610.
2, 3, 5, 6646687
What are the prime factors of 37857278?
2, 47, 67, 6011
What are the prime factors of 84818669?
13, 6524513
List the prime factors of 141156033.
3, 47052011
List the prime factors of 1964304595.
5, 11, 35714629
What are the prime factors of 693623411?
13, 43, 59, 21031
What are the prime factors of 132072802?
2, 66036401
List the prime factors of 611396161.
127, 4814143
List the prime factors of 3078252818.
2, 31, 461, 107699
List the prime factors of 46841156.
2, 19, 23, 127, 211
What are the prime factors of 527387985?
3, 5, 11719733
List the prime factors of 418029427.
418029427
List the prime factors of 341063845.
5, 2377, 28697
List the prime factors of 1500179316.
2, 3, 125014943
What are the prime factors of 5663545727?
7, 281, 677, 4253
List the prime factors of 386462670.
2, 3, 5, 11, 47, 24917
List the prime factors of 1203277803.
3, 7, 13, 31, 10937
List the prime factors of 80458172.
2, 47, 427969
What are the prime factors of 167854780?
2, 5, 8392739
List the prime factors of 61039964.
2, 601, 25391
What are the prime factors of 3054528497?
6317, 483541
List the prime factors of 264958427.
317, 835831
What are the prime factors of 78027270?
2, 3, 5, 23, 113083
List the prime factors of 15552111.
3, 31, 43, 3889
List the prime factors of 23926615.
5, 4785323
What are the prime factors of 22434261?
3, 43, 173909
List the prime factors of 77271393.
3, 2591, 9941
What are the prime factors of 392897940?
2, 3, 5, 6548299
List the prime factors of 480749623.
109, 4410547
What are the prime factors of 37621531?
37621531
List the prime factors of 2299213978.
2, 19, 60505631
List the prime factors of 2422127416.
2, 302765927
What are the prime factors of 4963840324?
2, 71, 17478311
List the prime factors of 18997718.
2, 61, 155719
What are the prime factors of 149195404?
2, 181, 251, 821
List the prime factors of 6807146.
2, 3403573
What are the prime factors of 59606938?
2, 23, 1295803
List the prime factors of 179586075.
3, 5, 2394481
List the prime factors of 1149015682.
2, 31, 3691, 5021
What are the prime factors of 3004700231?
13, 827, 279481
What are the prime factors of 1368220398?
2, 3, 2221, 102673
What are the prime factors of 13709516?
2, 3427379
List the prime factors of 71406616.
2, 8925827
List the prime factors of 84315953.
23, 3665911
List the prime factors of 5735182.
2, 293, 9787
List the prime factors of 91792979.
17, 53, 101879
What are the prime factors of 199927774?
2, 99963887
List the prime factors of 1287676085.
5, 257535217
What are the prime factors of 152414220?
2, 3, 5, 7, 41, 53, 167
What are the prime factors of 92550926?
2, 13, 139, 25609
What are the prime factors of 247413070?
2, 5, 17, 23, 63277
List the prime factors of 123416007.
3, 11, 13, 26153
What are the prime factors of 932228945?
5, 613, 304153
What are the prime factors of 56353989?
3, 29, 647747
List the prime factors of 37505584.
2, 29, 80831
List the prime factors of 20624857.
11, 1874987
What are the prime factors of 79300739?
7, 11328677
List the prime factors of 413667618.
2, 3, 7, 13, 757633
List the prime factors of 454049377.
163, 2785579
List the prime factors of 1023484482.
2, 3, 1453, 39133
What are the prime factors of 748221355?
5, 7, 103, 207551
List the prime factors of 1371447228.
2, 3, 114287269
What are the prime factors of 93681785?
5, 18736357
What are the prime factors of 150713259?
3, 50237753
List the prime factors of 1750139208.
2, 3, 71, 342359
What are the prime factors of 2152850606?
2, 137, 983, 7993
List the prime factors of 1434308716.
2, 358577179
What are the prime factors of 423500193?
3, 41, 1147697
What are the prime factors of 1627002011?
8447, 192613
What are the prime factors of 5146059?
3, 1715353
List the prime factors of 1027452026.
2, 2293, 224041
List the prime factors of 169994931.
3, 56664977
List the prime factors of 3010379695.
5, 41, 281, 52259
List the prime factors of 148602668.
2, 43, 389, 2221
What are the prime factors of 267257387?
9293, 28759
List the prime factors of 961080045.
3, 5, 64072003
What are the prime factors of 31645892?
2, 107, 73939
What are the prime factors of 31458497?
7, 4494071
What are the prime factors of 16956089?
17, 257, 3881
What are the prime factors of 1473068304?
2, 3, 23, 444767
List the prime factors of 136193287.
136193287
List the prime factors of 672388573.
17, 39552269
List the prime factors of 57908567.
57908567
What are the prime factors of 333237005?
5, 2161, 30841
What are the prime factors of 37655668?
2, 113, 227, 367
What are the prime factors of 2579315495?
5, 1609, 320611
List the prime factors of 2157119552.
2, 7, 19, 41, 883
List the prime factors of 6778344.
2, 3, 29, 9739
What are the prime factors of 585869868?
2, 3, 31, 174991
List the prime factors of 352772115.
3, 5, 1031, 22811
List the prime factors of 1309350701.
22189, 59009
What are the prime factors of 532378607?
29, 37, 107, 4637
What are the prime factors of 26424893?
11, 2402263
What are the prime factors of 56259892?
2, 13, 317, 3413
List the prime factors of 1401455232.
2, 3, 89, 13669
What are the prime factors of 1053418404?
2, 3, 83, 719, 1471
List the prime factors of 31313221.
31313221
What are the prime factors of 423584708?
2, 19, 101, 139, 397
List the prime factors of 21076759.
11, 1916069
List the prime factors of 1679221740.
2, 3, 5, 7, 89, 167, 269
List the prime factors of 26680711.
26680711
List the prime factors of 6936383657.
7, 47, 21083233
What are the prime factors of 1256833951?
4733, 265547
List the prime factors of 605632689.
3, 41, 1641281
What are the prime factors of 82321316?
2, 7, 11, 267277
List the prime factors of 1383687532.
2, 345921883
What are the prime factors of 290360918?
2, 17, 8540027
List the prime factors of 411301800.
2, 3, 5, 7, 13, 31
List the prime factors of 5024914.
2, 31, 81047
List the prime factors of 1091465928.
2, 3, 7, 240623
List the prime factors of 6914519.
31, 223049
What are the prime factors of 1461606863?
19, 2027, 37951
List the prime factors of 57386817.
3, 23, 277231
List the prime factors of 52133489.
197, 264637
List the prime factors of 97731907.
7, 13, 59, 109, 167
What are the prime factors of 3820013377?
2969, 1286633
What are the prime factors of 63532633?
3271, 19423
What are the prime factors of 568963283?
7, 709, 114641
List the prime factors of 46656915.
3, 5, 89, 34949
List the prime factors of 87108903.
3, 7, 1382681
List the prime factors of 570514380.
2, 3, 5, 67, 139, 1021
List the prime factors of 98756978.
2, 17, 127, 22871
What are the prime factors of 187013977?
127, 1472551
What are the prime factors of 324410620?
2, 5, 409, 39659
What are the prime factors of 228032903?
7, 32576129
What are the prime factors of 326352428?
2, 23, 29, 122321
List the prime factors of 56049817.
83, 675299
List the prime factors of 2456015629.
223, 11013523
What are the prime factors of 21121328?
2, 139, 9497
List the prime factors of 335230520.
2, 5, 23, 463, 787
What are the prime factors of 10769368?
2, 37, 36383
List the prime factors of 3668504866.
2, 13, 257, 549013
What are the prime factors of 2357000097?
3, 785666699
List the prime factors of 457937126.
2, 17, 19, 61, 11621
List the prime factors of 14591376.
2, 3, 107, 947
What are the prime factors of 317170821?
3, 11, 9611237
What are the prime factors of 5570101?
17, 547, 599
List the prime factors of 18372711.
3, 7, 874891
List the prime factors of 191656629.
3, 19, 1120799
List the prime factors of 2955207914.
2, 1477603957
List the prime factors of 204199608.
2, 3, 863, 9859
What are the prime factors of 643886798?
2, 17, 1113991
What are th